mmon factor of 9 and 1407.
3
What is the greatest common divisor of 451 and 176?
11
What is the greatest common divisor of 13 and 533?
13
What is the highest common factor of 330 and 390?
30
What is the highest common factor of 4223 and 206?
103
Calculate the greatest common divisor of 196 and 154.
14
Calculate the greatest common factor of 82 and 369.
41
What is the greatest common divisor of 418 and 539?
11
Calculate the greatest common divisor of 4346 and 954.
106
What is the greatest common factor of 16895 and 465?
155
What is the highest common factor of 268 and 469?
67
What is the highest common divisor of 13 and 52?
13
Calculate the greatest common divisor of 637 and 13.
13
What is the highest common divisor of 15 and 96?
3
What is the greatest common factor of 9858 and 558?
186
Calculate the highest common divisor of 132 and 6012.
12
What is the highest common factor of 14 and 1526?
14
What is the greatest common divisor of 64 and 2512?
16
Calculate the greatest common factor of 299 and 26.
13
Calculate the highest common factor of 64 and 8384.
64
What is the highest common divisor of 2040 and 780?
60
What is the greatest common divisor of 75 and 60?
15
Calculate the highest common divisor of 2168 and 20.
4
Calculate the highest common factor of 96673 and 349.
349
Calculate the highest common factor of 92 and 44.
4
What is the highest common divisor of 3683 and 145?
29
What is the highest common divisor of 5080 and 80?
40
Calculate the highest common divisor of 4 and 344.
4
What is the greatest common divisor of 11 and 53999?
11
Calculate the highest common divisor of 14 and 21.
7
What is the highest common divisor of 75 and 240?
15
What is the highest common factor of 36 and 1404?
36
Calculate the highest common divisor of 255 and 2465.
85
Calculate the highest common divisor of 1196 and 46.
46
Calculate the highest common factor of 21 and 133.
7
What is the highest common factor of 11609 and 94?
47
What is the greatest common divisor of 9853 and 59?
59
What is the greatest common divisor of 224 and 128?
32
Calculate the greatest common factor of 21906 and 36.
18
What is the greatest common factor of 106 and 2650?
106
What is the highest common divisor of 38 and 114?
38
What is the greatest common factor of 24352 and 32?
32
Calculate the greatest common factor of 168 and 1752.
24
Calculate the highest common factor of 40 and 60.
20
What is the greatest common divisor of 90 and 2430?
90
Calculate the greatest common divisor of 38 and 19.
19
What is the greatest common factor of 1088 and 68?
68
What is the highest common divisor of 2415 and 245?
35
What is the greatest common divisor of 48 and 11472?
48
What is the greatest common divisor of 69 and 69?
69
What is the greatest common factor of 144 and 192?
48
Calculate the highest common divisor of 104 and 286.
26
What is the highest common factor of 19733 and 21?
7
What is the highest common factor of 8 and 216?
8
Calculate the greatest common divisor of 75 and 105.
15
Calculate the highest common divisor of 649 and 33.
11
What is the greatest common factor of 315 and 1155?
105
What is the highest common divisor of 868 and 588?
28
Calculate the highest common divisor of 54 and 198.
18
What is the greatest common divisor of 2525 and 175?
25
What is the highest common factor of 168 and 2?
2
Calculate the greatest common divisor of 75 and 375.
75
What is the highest common divisor of 34 and 34?
34
What is the highest common factor of 772 and 20?
4
Calculate the highest common divisor of 99 and 9.
9
What is the highest common divisor of 56 and 88?
8
What is the greatest common divisor of 144 and 336?
48
What is the greatest common divisor of 208 and 80?
16
Calculate the highest common divisor of 46 and 7751.
23
Calculate the highest common divisor of 969 and 51.
51
What is the greatest common divisor of 688 and 10148?
172
Calculate the greatest common factor of 10 and 25.
5
Calculate the highest common factor of 5405 and 2645.
115
Calculate the highest common factor of 7 and 21.
7
Calculate the highest common factor of 162 and 1098.
18
Calculate the greatest common divisor of 4688 and 32.
16
What is the greatest common factor of 972 and 36?
36
Calculate the greatest common divisor of 119 and 105077.
119
Calculate the greatest common factor of 215 and 129.
43
What is the highest common factor of 702 and 390?
78
Calculate the highest common divisor of 81 and 2943.
27
Calculate the greatest common factor of 93 and 527.
31
Calculate the greatest common divisor of 30 and 5475.
15
Calculate the greatest common divisor of 16 and 7456.
16
What is the greatest common divisor of 864 and 64?
32
What is the highest common factor of 84 and 2?
2
Calculate the highest common factor of 36 and 412.
4
What is the highest common factor of 44 and 1276?
44
What is the highest common factor of 2 and 206?
2
What is the highest common factor of 34 and 2822?
34
Calculate the greatest common factor of 16 and 104.
8
Calculate the highest common divisor of 6104 and 56.
56
What is the greatest common divisor of 60 and 7755?
15
What is the highest common factor of 646 and 1406?
38
Calculate the highest common factor of 465 and 155.
155
What is the greatest common factor of 62900 and 50?
50
Calculate the greatest common factor of 15 and 6285.
15
What is the greatest common divisor of 92 and 24?
4
What is the greatest common factor of 351 and 78?
39
Calculate the greatest common divisor of 11340 and 162.
162
What is the highest common divisor of 9 and 6?
3
What is the highest common factor of 6 and 63?
3
What is the greatest common divisor of 62 and 2263?
31
Calculate the greatest common divisor of 1813 and 147.
49
What is the highest common factor of 2880 and 352?
32
What is the highest common divisor of 8 and 1000?
8
What is the highest common divisor of 76 and 2413?
19
Calculate the greatest common factor of 1 and 193.
1
Calculate the highest common factor of 567 and 5751.
81
Calculate the greatest common divisor of 44 and 44.
44
What is the highest common factor of 12954 and 85?
17
Calculate the highest common factor of 314 and 46786.
314
Calculate the highest common factor of 96 and 168.
24
Calculate the highest common divisor of 95 and 2280.
95
Calculate the greatest common factor of 299 and 115.
23
What is the greatest common factor of 208 and 312?
104
What is the greatest common factor of 6 and 1800?
6
Calculate the highest common divisor of 243 and 99.
9
What is the greatest common divisor of 9797 and 202?
101
What is the greatest common divisor of 12132 and 72?
36
Calculate the greatest common factor of 3483 and 86.
43
Calculate the highest common factor of 363 and 132.
33
Calculate the greatest common factor of 19 and 21223.
19
What is the highest common divisor of 795 and 255?
15
What is the greatest common divisor of 6000 and 250?
250
What is the highest common factor of 146 and 88476?
146
Calculate the highest common divisor of 171 and 4351.
19
What is the greatest common divisor of 11310 and 29?
29
Calculate the greatest common divisor of 897 and 1035.
69
What is the highest common factor of 31108 and 88?
44
Calculate the highest common divisor of 9 and 729.
9
Calculate the greatest common divisor of 4710 and 20.
10
What is the greatest common factor of 167 and 41917?
167
What is the highest common divisor of 1722 and 56?
14
Calculate the highest common factor of 3536 and 1144.
104
What is the greatest common factor of 7007 and 143?
143
What is the highest common divisor of 1105 and 255?
85
What is the highest common factor of 205 and 5?
5
Calculate the highest common factor of 3000 and 264.
24
What is the highest common divisor of 7 and 29?
1
What is the highest common factor of 52 and 286?
26
Calculate the highest common divisor of 18360 and 2380.
340
Calculate the greatest common divisor of 616 and 63.
7
Calculate the highest common factor of 18 and 9846.
18
What is the greatest common factor of 7 and 22729?
7
Calculate the highest common divisor of 20 and 8.
4
What is the greatest common divisor of 461 and 16?
1
Calculate the highest common divisor of 385 and 45.
5
Calculate the greatest common divisor of 30 and 3840.
30
What is the highest common divisor of 112 and 434?
14
What is the greatest com